{"id":2604,"date":"2025-09-02T11:43:59","date_gmt":"2025-09-02T09:43:59","guid":{"rendered":"https:\/\/marinefribourg.com\/?post_type=mec-events&#038;p=2604"},"modified":"2025-09-02T11:49:49","modified_gmt":"2025-09-02T09:49:49","slug":"les-contes-dhoffmann-j-offenbach","status":"publish","type":"mec-events","link":"https:\/\/marinefribourg.com\/en\/events\/les-contes-dhoffmann-j-offenbach\/","title":{"rendered":"Les Contes d&rsquo;Hoffmann &#8211; J. Offenbach"},"content":{"rendered":"<p>Direction musicale, Pierre Dumoussaud \u2022 Mise en sc\u00e8ne, Lotte de Beer \u2022 Avec Michael Spyres, H\u00e9lo\u00efse Mas, Amina Edris, Jean-S\u00e9bastien Bou, Rapha\u00ebl Br\u00e9mard, Nicolas Cavallier, Matthieu Justine, Matthieu Walendzik, Marie-Ange Todorovitch \u2022 Choeur : Ensemble Aedes &#8211; Matthieu Romano \u2022 Orchestre Philharmonique de Strasbourg<\/p>\n\n\n\n<p>25.09, 27.09, 29.09, 01.10, 03.10, 05.10<\/p>\n\n\n\n<p><\/p>","protected":false},"excerpt":{"rendered":"<p>Direction musicale, Pierre Dumoussaud \u2022 Mise en sc\u00e8ne, Lotte de Beer \u2022 Ensemble Aedes &#038; Orchestre Philharmonique de Strasbourg<\/p>","protected":false},"author":2,"featured_media":2605,"comment_status":"closed","ping_status":"closed","template":"","tags":[],"mec_category":[],"class_list":["post-2604","mec-events","type-mec-events","status-publish","has-post-thumbnail","hentry"],"_links":{"self":[{"href":"https:\/\/marinefribourg.com\/en\/wp-json\/wp\/v2\/mec-events\/2604","targetHints":{"allow":["GET"]}}],"collection":[{"href":"https:\/\/marinefribourg.com\/en\/wp-json\/wp\/v2\/mec-events"}],"about":[{"href":"https:\/\/marinefribourg.com\/en\/wp-json\/wp\/v2\/types\/mec-events"}],"author":[{"embeddable":true,"href":"https:\/\/marinefribourg.com\/en\/wp-json\/wp\/v2\/users\/2"}],"replies":[{"embeddable":true,"href":"https:\/\/marinefribourg.com\/en\/wp-json\/wp\/v2\/comments?post=2604"}],"wp:featuredmedia":[{"embeddable":true,"href":"https:\/\/marinefribourg.com\/en\/wp-json\/wp\/v2\/media\/2605"}],"wp:attachment":[{"href":"https:\/\/marinefribourg.com\/en\/wp-json\/wp\/v2\/media?parent=2604"}],"wp:term":[{"taxonomy":"post_tag","embeddable":true,"href":"https:\/\/marinefribourg.com\/en\/wp-json\/wp\/v2\/tags?post=2604"},{"taxonomy":"mec_category","embeddable":true,"href":"https:\/\/marinefribourg.com\/en\/wp-json\/wp\/v2\/mec_category?post=2604"}],"curies":[{"name":"wp","href":"https:\/\/api.w.org\/{rel}","templated":true}]}}

<p>Direction musicale, Pierre Dumoussaud • Mise en scène, Lotte de Beer • Avec Michael Spyres, Héloïse Mas, Amina Edris, Jean-Sébastien Bou, Raphaël Brémard, Nicolas Cavallier, Matthieu Justine, Matthieu Walendzik, Marie-Ange Todorovitch • Choeur : Ensemble Aedes &#8211; Matthieu Romano • Orchestre Philharmonique de Strasbourg</p>



<p>25.09, 27.09, 29.09, 01.10, 03.10, 05.10</p>



<p></p>

<p>Direction musicale, Pierre Dumoussaud • Mise en scène, Lotte de Beer • Ensemble Aedes &#038; Orchestre Philharmonique de Strasbourg</p>
