{"id":854,"date":"2024-08-05T09:09:31","date_gmt":"2024-08-05T07:09:31","guid":{"rendered":"https:\/\/marinefribourg.com\/?page_id=854"},"modified":"2024-09-12T09:50:25","modified_gmt":"2024-09-12T07:50:25","slug":"ensembles","status":"publish","type":"page","link":"https:\/\/marinefribourg.com\/en\/ensembles\/","title":{"rendered":"Ensembles"},"content":{"rendered":"<div class=\"wp-block-group alignfull has-accent-background-color has-background has-global-padding is-layout-constrained wp-block-group-is-layout-constrained\" style=\"margin-top:0;margin-bottom:0\">\n<div class=\"wp-block-columns is-layout-flex wp-container-core-columns-is-layout-1e964356 wp-block-columns-is-layout-flex\" id=\"duo\" style=\"margin-top:0;margin-bottom:0;padding-top:0;padding-right:0;padding-bottom:0;padding-left:0\">\n<div class=\"wp-block-column has-global-padding is-layout-constrained wp-block-column-is-layout-constrained\" style=\"flex-basis:50%\">\n<div style=\"height:10px\" aria-hidden=\"true\" class=\"wp-block-spacer\"><\/div>\n\n\n\n<figure class=\"wp-block-image size-large is-style-rounded is-style-rounded--1\"><img loading=\"lazy\" decoding=\"async\" width=\"1024\" height=\"1024\" src=\"https:\/\/marinefribourg.com\/wp-content\/uploads\/2024\/08\/marine-flore-pleyel-credit-robin-h-davies-1024x1024.jpg\" alt=\"\" class=\"wp-image-1104\" srcset=\"https:\/\/marinefribourg.com\/wp-content\/uploads\/2024\/08\/marine-flore-pleyel-credit-robin-h-davies-1024x1024.jpg 1024w, https:\/\/marinefribourg.com\/wp-content\/uploads\/2024\/08\/marine-flore-pleyel-credit-robin-h-davies-300x300.jpg 300w, https:\/\/marinefribourg.com\/wp-content\/uploads\/2024\/08\/marine-flore-pleyel-credit-robin-h-davies-150x150.jpg 150w, https:\/\/marinefribourg.com\/wp-content\/uploads\/2024\/08\/marine-flore-pleyel-credit-robin-h-davies-768x768.jpg 768w, https:\/\/marinefribourg.com\/wp-content\/uploads\/2024\/08\/marine-flore-pleyel-credit-robin-h-davies-500x500.jpg 500w, https:\/\/marinefribourg.com\/wp-content\/uploads\/2024\/08\/marine-flore-pleyel-credit-robin-h-davies-1536x1536.jpg 1536w, https:\/\/marinefribourg.com\/wp-content\/uploads\/2024\/08\/marine-flore-pleyel-credit-robin-h-davies-2048x2048.jpg 2048w, https:\/\/marinefribourg.com\/wp-content\/uploads\/2024\/08\/marine-flore-pleyel-credit-robin-h-davies-12x12.jpg 12w\" sizes=\"auto, (max-width: 1024px) 100vw, 1024px\" \/><\/figure>\n\n\n\n<div style=\"height:10px\" aria-hidden=\"true\" class=\"wp-block-spacer\"><\/div>\n<\/div>\n\n\n\n<div class=\"wp-block-column is-vertically-aligned-center is-layout-flow wp-block-column-is-layout-flow\">\n<h2 class=\"wp-block-heading has-text-align-left\">Duo with pianist Flore Merlin<\/h2>\n\n\n\n<h5 class=\"wp-block-heading has-text-align-left\">Marine and Flore have been performing <strong>song recitals together<\/strong> for many years.<\/h5>\n\n\n\n<p>Both are passionate about <strong>historically informed performance<\/strong> and <strong>historical instruments,<\/strong> as well as <strong>the study of early recordings<\/strong> and the expressive richness and freedom they offer.<\/p>\n\n\n\n<p>Together they have built up a number of <strong>narrative programmes, <\/strong>notably around the figures of the female composer Pauline Viardot, the poet Federico Garcia Lorca and the sorceress Lorelei.<\/p>\n\n\n\n<p>They have performed as a duo at the <em>Opera Comique<\/em> (Paris), <em>La Nouvelle Ath\u00e8nes<\/em> (Centre de pianos historiques, Paris), <em>l\u2019Acad\u00e9mie Bach<\/em> (Arques-la-Bataille), at <em>Festival Pauline Viardot<\/em> (les Amis de Georges Bizet, Bougival), at Festivals <em>les Festes Romantiques de Croissy<\/em>, <em>Jeux de Vagues<\/em> (Dinard), <em>Un Sacre du Printemps<\/em> (Evreux), at <em>La Matrice<\/em> (Paris), at the <em>Nocturnes de Laude<\/em> (Paris) and with <em>Elles Women Composers<\/em> (Rennes).<\/p>\n\n\n\n<p><a href=\"http:\/\/www.floremerlin.net\/\" target=\"_blank\" rel=\"noreferrer noopener\">www.floremerlin.net<\/a><\/p>\n\n\n\n<div style=\"height:10px\" aria-hidden=\"true\" class=\"wp-block-spacer\"><\/div>\n<\/div>\n<\/div>\n<\/div>\n\n\n\n<div class=\"wp-block-group alignfull has-background has-global-padding is-layout-constrained wp-block-group-is-layout-constrained\" style=\"background-color:#a9b8b8;margin-top:0;margin-bottom:0\">\n<div class=\"wp-block-columns is-layout-flex wp-container-core-columns-is-layout-1e964356 wp-block-columns-is-layout-flex\" id=\"quatuor\" style=\"margin-top:0;margin-bottom:0;padding-top:0;padding-right:0;padding-bottom:0;padding-left:0\">\n<div class=\"wp-block-column is-vertically-aligned-center has-global-padding is-layout-constrained wp-block-column-is-layout-constrained\">\n<div style=\"height:20px\" aria-hidden=\"true\" class=\"wp-block-spacer\"><\/div>\n\n\n\n<h2 class=\"wp-block-heading has-text-align-left\">Damask vocal quartet<\/h2>\n\n\n\n<h5 class=\"wp-block-heading has-text-align-left\">Marine is the <strong>mezzo soprano <\/strong>and <strong>co-directrice artistique<\/strong> du quatuor vocal Damask depuis 2014; elle en a repris la<strong> direction artistique seule<\/strong> en 2023.<\/h5>\n\n\n\n<p>Since its creation, Damask has devoted itself to the repertoire for vocal quartets. As well as piano quartets <strong>from the Romantic period, <\/strong>they perform <em>repertoire from the 20th and 21st centuries,<\/em> both a cappella and accompanied pieces.<\/p>\n\n\n\n<p>Their debut disc, <em>O sch\u00f6ne Nacht, <\/em>released in November 2018, has received critical acclaim - including a Choc de Classica in France. Recorded on a historic Streicher pianoforte, this CD is devoted to the German Romantic repertoire for vocal quartet and piano (Brahms, Herzogenberg, Jenner, Kirchner) with pianist Flore Merlin and the quartet's four original singers Katharine Dain, Marine Fribourg, Guy Cutting and Drew Santini.<\/p>\n\n\n\n<p>Info, concert dates and recordings:<\/p>\n\n\n\n<p><a href=\"http:\/\/www.damaskquartet.com\/\" target=\"_blank\" rel=\"noreferrer noopener\">www.damaskquartet.com<\/a><\/p>\n\n\n\n<div style=\"height:20px\" aria-hidden=\"true\" class=\"wp-block-spacer\"><\/div>\n<\/div>\n\n\n\n<div class=\"wp-block-column is-layout-flow wp-block-column-is-layout-flow\" style=\"flex-basis:50%\">\n<div style=\"height:10px\" aria-hidden=\"true\" class=\"wp-block-spacer\"><\/div>\n\n\n\n<figure class=\"wp-block-image size-full is-resized is-style-rounded is-style-rounded--2\"><img loading=\"lazy\" decoding=\"async\" width=\"850\" height=\"841\" src=\"https:\/\/marinefribourg.com\/wp-content\/uploads\/2024\/08\/photo-damask-carree-jan-joris-bos.jpg\" alt=\"\" class=\"wp-image-1120\" style=\"aspect-ratio:1;object-fit:cover;width:604px;height:auto\" srcset=\"https:\/\/marinefribourg.com\/wp-content\/uploads\/2024\/08\/photo-damask-carree-jan-joris-bos.jpg 850w, https:\/\/marinefribourg.com\/wp-content\/uploads\/2024\/08\/photo-damask-carree-jan-joris-bos-300x297.jpg 300w, https:\/\/marinefribourg.com\/wp-content\/uploads\/2024\/08\/photo-damask-carree-jan-joris-bos-768x760.jpg 768w, https:\/\/marinefribourg.com\/wp-content\/uploads\/2024\/08\/photo-damask-carree-jan-joris-bos-12x12.jpg 12w\" sizes=\"auto, (max-width: 850px) 100vw, 850px\" \/><\/figure>\n\n\n\n<div style=\"height:10px\" aria-hidden=\"true\" class=\"wp-block-spacer\"><\/div>\n<\/div>\n<\/div>\n<\/div>\n\n\n\n<p><\/p>","protected":false},"excerpt":{"rendered":"<p>Duo avec la pianiste Flore Merlin Marine et Flore se produisent ensemble en r\u00e9citals chant-piano depuis de nombreuses ann\u00e9es. Toutes deux se passionnent pour l\u2019interpr\u00e9tation historiquement inform\u00e9e et les instruments historiques ainsi que pour l\u2019\u00e9tude des premiers enregistrements, la richesse et la libert\u00e9 expressives qui en d\u00e9coulent. Elles ont construit ensemble plusieurs programmes \u00e0 trame [&hellip;]<\/p>\n","protected":false},"author":1,"featured_media":0,"parent":0,"menu_order":0,"comment_status":"closed","ping_status":"closed","template":"","meta":{"footnotes":""},"class_list":["post-854","page","type-page","status-publish","hentry"],"_links":{"self":[{"href":"https:\/\/marinefribourg.com\/en\/wp-json\/wp\/v2\/pages\/854","targetHints":{"allow":["GET"]}}],"collection":[{"href":"https:\/\/marinefribourg.com\/en\/wp-json\/wp\/v2\/pages"}],"about":[{"href":"https:\/\/marinefribourg.com\/en\/wp-json\/wp\/v2\/types\/page"}],"author":[{"embeddable":true,"href":"https:\/\/marinefribourg.com\/en\/wp-json\/wp\/v2\/users\/1"}],"replies":[{"embeddable":true,"href":"https:\/\/marinefribourg.com\/en\/wp-json\/wp\/v2\/comments?post=854"}],"version-history":[{"count":45,"href":"https:\/\/marinefribourg.com\/en\/wp-json\/wp\/v2\/pages\/854\/revisions"}],"predecessor-version":[{"id":1970,"href":"https:\/\/marinefribourg.com\/en\/wp-json\/wp\/v2\/pages\/854\/revisions\/1970"}],"wp:attachment":[{"href":"https:\/\/marinefribourg.com\/en\/wp-json\/wp\/v2\/media?parent=854"}],"curies":[{"name":"wp","href":"https:\/\/api.w.org\/{rel}","templated":true}]}}

<div class="wp-block-group alignfull has-accent-background-color has-background has-global-padding is-layout-constrained wp-block-group-is-layout-constrained" style="margin-top:0;margin-bottom:0">
<div class="wp-block-columns is-layout-flex wp-container-core-columns-is-layout-1e964356 wp-block-columns-is-layout-flex" id="duo" style="margin-top:0;margin-bottom:0;padding-top:0;padding-right:0;padding-bottom:0;padding-left:0">
<div class="wp-block-column has-global-padding is-layout-constrained wp-block-column-is-layout-constrained" style="flex-basis:50%">
<div style="height:10px" aria-hidden="true" class="wp-block-spacer"></div>



<figure class="wp-block-image size-large is-style-rounded is-style-rounded--1"><img loading="lazy" decoding="async" width="1024" height="1024" src="https://marinefribourg.com/wp-content/uploads/2024/08/marine-flore-pleyel-credit-robin-h-davies-1024x1024.jpg" alt="" class="wp-image-1104" srcset="https://marinefribourg.com/wp-content/uploads/2024/08/marine-flore-pleyel-credit-robin-h-davies-1024x1024.jpg 1024w, https://marinefribourg.com/wp-content/uploads/2024/08/marine-flore-pleyel-credit-robin-h-davies-300x300.jpg 300w, https://marinefribourg.com/wp-content/uploads/2024/08/marine-flore-pleyel-credit-robin-h-davies-150x150.jpg 150w, https://marinefribourg.com/wp-content/uploads/2024/08/marine-flore-pleyel-credit-robin-h-davies-768x768.jpg 768w, https://marinefribourg.com/wp-content/uploads/2024/08/marine-flore-pleyel-credit-robin-h-davies-500x500.jpg 500w, https://marinefribourg.com/wp-content/uploads/2024/08/marine-flore-pleyel-credit-robin-h-davies-1536x1536.jpg 1536w, https://marinefribourg.com/wp-content/uploads/2024/08/marine-flore-pleyel-credit-robin-h-davies-2048x2048.jpg 2048w, https://marinefribourg.com/wp-content/uploads/2024/08/marine-flore-pleyel-credit-robin-h-davies-12x12.jpg 12w" sizes="auto, (max-width: 1024px) 100vw, 1024px" /></figure>



<div style="height:10px" aria-hidden="true" class="wp-block-spacer"></div>
</div>



<div class="wp-block-column is-vertically-aligned-center is-layout-flow wp-block-column-is-layout-flow">
<h2 class="wp-block-heading has-text-align-left">Duo with pianist Flore Merlin</h2>



<h5 class="wp-block-heading has-text-align-left">Marine and Flore have been performing <strong>song recitals together</strong> for many years.</h5>



<p>Both are passionate about <strong>historically informed performance</strong> and <strong>historical instruments,</strong> as well as <strong>the study of early recordings</strong> and the expressive richness and freedom they offer.</p>



<p>Together they have built up a number of <strong>narrative programmes, </strong>notably around the figures of the female composer Pauline Viardot, the poet Federico Garcia Lorca and the sorceress Lorelei.</p>



<p>They have performed as a duo at the <em>Opera Comique</em> (Paris), <em>La Nouvelle Athènes</em> (Centre de pianos historiques, Paris), <em>l’Académie Bach</em> (Arques-la-Bataille), at <em>Festival Pauline Viardot</em> (les Amis de Georges Bizet, Bougival), at Festivals <em>les Festes Romantiques de Croissy</em>, <em>Jeux de Vagues</em> (Dinard), <em>Un Sacre du Printemps</em> (Evreux), at <em>La Matrice</em> (Paris), at the <em>Nocturnes de Laude</em> (Paris) and with <em>Elles Women Composers</em> (Rennes).</p>



<p><a href="http://www.floremerlin.net/" target="_blank" rel="noreferrer noopener">www.floremerlin.net</a></p>



<div style="height:10px" aria-hidden="true" class="wp-block-spacer"></div>
</div>
</div>
</div>



<div class="wp-block-group alignfull has-background has-global-padding is-layout-constrained wp-block-group-is-layout-constrained" style="background-color:#a9b8b8;margin-top:0;margin-bottom:0">
<div class="wp-block-columns is-layout-flex wp-container-core-columns-is-layout-1e964356 wp-block-columns-is-layout-flex" id="quatuor" style="margin-top:0;margin-bottom:0;padding-top:0;padding-right:0;padding-bottom:0;padding-left:0">
<div class="wp-block-column is-vertically-aligned-center has-global-padding is-layout-constrained wp-block-column-is-layout-constrained">
<div style="height:20px" aria-hidden="true" class="wp-block-spacer"></div>



<h2 class="wp-block-heading has-text-align-left">Damask vocal quartet</h2>



<h5 class="wp-block-heading has-text-align-left">Marine is the <strong>mezzo soprano </strong>and <strong>co-directrice artistique</strong> du quatuor vocal Damask depuis 2014; elle en a repris la<strong> direction artistique seule</strong> en 2023.</h5>



<p>Since its creation, Damask has devoted itself to the repertoire for vocal quartets. As well as piano quartets <strong>from the Romantic period, </strong>they perform <em>repertoire from the 20th and 21st centuries,</em> both a cappella and accompanied pieces.</p>



<p>Their debut disc, <em>O schöne Nacht, </em>released in November 2018, has received critical acclaim - including a Choc de Classica in France. Recorded on a historic Streicher pianoforte, this CD is devoted to the German Romantic repertoire for vocal quartet and piano (Brahms, Herzogenberg, Jenner, Kirchner) with pianist Flore Merlin and the quartet's four original singers Katharine Dain, Marine Fribourg, Guy Cutting and Drew Santini.</p>



<p>Info, concert dates and recordings:</p>



<p><a href="http://www.damaskquartet.com/" target="_blank" rel="noreferrer noopener">www.damaskquartet.com</a></p>



<div style="height:20px" aria-hidden="true" class="wp-block-spacer"></div>
</div>



<div class="wp-block-column is-layout-flow wp-block-column-is-layout-flow" style="flex-basis:50%">
<div style="height:10px" aria-hidden="true" class="wp-block-spacer"></div>



<figure class="wp-block-image size-full is-resized is-style-rounded is-style-rounded--2"><img loading="lazy" decoding="async" width="850" height="841" src="https://marinefribourg.com/wp-content/uploads/2024/08/photo-damask-carree-jan-joris-bos.jpg" alt="" class="wp-image-1120" style="aspect-ratio:1;object-fit:cover;width:604px;height:auto" srcset="https://marinefribourg.com/wp-content/uploads/2024/08/photo-damask-carree-jan-joris-bos.jpg 850w, https://marinefribourg.com/wp-content/uploads/2024/08/photo-damask-carree-jan-joris-bos-300x297.jpg 300w, https://marinefribourg.com/wp-content/uploads/2024/08/photo-damask-carree-jan-joris-bos-768x760.jpg 768w, https://marinefribourg.com/wp-content/uploads/2024/08/photo-damask-carree-jan-joris-bos-12x12.jpg 12w" sizes="auto, (max-width: 850px) 100vw, 850px" /></figure>



<div style="height:10px" aria-hidden="true" class="wp-block-spacer"></div>
</div>
</div>
</div>



<p></p>

<p>Duo avec la pianiste Flore Merlin Marine et Flore se produisent ensemble en récitals chant-piano depuis de nombreuses années. Toutes deux se passionnent pour l’interprétation historiquement informée et les instruments historiques ainsi que pour l’étude des premiers enregistrements, la richesse et la liberté expressives qui en découlent. Elles ont construit ensemble plusieurs programmes à trame [&hellip;]</p>
